d 9.
9
Let m = -126 + 178. Suppose -3*f + 24 = 3*y, 4*f + 21*y - 18*y - 37 = 0. Calculate the greatest common factor of m and f.
13
Let k be -5*(-1 + (-214)/10). What is the highest common factor of 14 and k?
14
Suppose -2*a - 27 = 39. Let p be 1/(-2 - a/15). Suppose 14 = 2*o + p*h, -5*o + 44 = -h + 9. What is the greatest common divisor of 70 and o?
7
Suppose -3*z + 2 = -5*z - n, -5*z = -4*n - 8. Suppose 0*d + d + 4*p + 6 = z, -d - 2*p + 2 = 0. What is the highest common factor of 10 and d?
10
Suppose -3*w = z - 175, 315 = 5*w - z - 2*z. What is the greatest common divisor of w and 15?
15
Let p(j) = -j**3 - 16*j**2 - 14*j + 24. Let h be p(-15). Calculate the greatest common factor of 216 and h.
9
Let b(c) = c**3 - 4*c**2 - c + 1. Let p(r) = r - 1. Let o(v) = b(v) + 3*p(v). Let k be o(4). Calculate the highest common factor of 18 and k.
6
Suppose 5*p - 31 - 14 = 0. Let m = p + 1. What is the greatest common divisor of 80 and m?
10
Let z(f) = f**3 - 5*f**2 - 5*f - 2. Let c be z(6). Calculate the greatest common divisor of 8 and c.
4
Let t = 17 + 5. What is the highest common divisor of 2 and t?
2
Let x(o) = -o**2 + 9*o - 1. Let m be x(8). Let i be -11 + m - 26*-2. Calculate the greatest common divisor of 6 and i.
6
Suppose 3*x - 5*u = 13, 7*x + 3*u = 3*x + 27. Let s = 8 - x. Calculate the highest common factor of s and 4.
2
Suppose -2*s + 2*q - 16 + 62 = 0, -5*s + q + 111 = 0. Suppose -3*m = -166 + s. Calculate the highest common factor of 72 and m.
24
Let r be -3 + (-3)/(-1) + 0. Suppose 2*d = 2*j + 34, 5*d + r*d + 4*j - 49 = 0. Calculate the highest common factor of d and 13.
13
Let x = 52 + -30. Suppose -k = -3*l + 17, -4*l + l - 4*k + x = 0. Suppose -3*a - l*f + f + 11 = 0, 2*f = -a + 3. What is the highest common factor of 14 and a?
7
Let l(d) = d**3 - 10*d**2 - 9*d - 2. Let x be l(11). Calculate the highest common factor of x and 30.
10
Let s(w) = -1 + 1 - 50*w. Let u be s(-2). Suppose 5*d + 5*n - u = 0, 3*n = -5*d + n + 94. Calculate the highest common divisor of d and 27.
9
Let x(r) = -r**3 - 3*r**2 + 11*r. Let v be x(-6). Calculate the highest common factor of 6 and v.
6
Let r(w) = w**2 - 9. Let t be r(7). Let i(n) = n**3 - 4*n**2 - 2*n - 5. Let c be i(5). What is the greatest common divisor of c and t?
10
Let c = 6 + 0. Let i be 5 - c - 2/(-1). What is the highest common divisor of i and 4?
1
Let g = -351 - -735. Suppose -3*u = -5*k + g, 0 = u - 5*u - 12. What is the highest common divisor of k and 50?
25
Suppose -94 = 3*z - 328. Calculate the highest common divisor of 52 and z.
26
Let n(z) be the third derivative of -z**4/6 - 4*z**3 + 8*z**2. Let h be n(-11). What is the highest common factor of h and 160?
20
Let n be 2/(2/(-3))*2. Let m be -1 - ((1 - 1) + n). Suppose 0 = -0*r + m*r - 4*g - 40, -r + 22 = 2*g. What is the greatest common divisor of 48 and r?
12
Let a(i) = -i + 5. Let s be a(3). Suppose 3*t + l - 15 = 9, -3*l = s*t - 23. Calculate the greatest common factor of t and 35.
7
Let t(b) = b**2 + 2*b - 3. Suppose -x = -3*d + 5, -13 = -3*d - x - 0*x. Let j be t(d). What is the greatest common divisor of 12 and j?
12
Let f(b) = -b**3 + 10*b**2 + 2*b - 12. Let z be f(10). Calculate the highest common divisor of 8 and z.
8
Suppose -2*h = 3*h - 35. What is the highest common divisor of 7 and h?
7
Suppose 0 = -2*v - w + 29, -3*v + 27 + 34 = -2*w. Let u = -51 + 85. What is the greatest common factor of v and u?
17
Let c = 183 - 181. What is the highest common divisor of c and 10?
2
Let z be (5/(-10))/((-4)/16). Suppose z*y = 36 + 6. Calculate the greatest common divisor of 14 and y.
7
Suppose -24 = -o + r, -3*o - o - 2*r + 114 = 0. Calculate the greatest common factor of 3 and o.
3
Suppose 0 = i - 3*l + 11, -i - 2*l - 5 = -3*l. Let g be 0 - (i - -2)/2. Suppose g = -0*w - w + 110. Calculate the highest common divisor of w and 10.
10
Let a be 18/(-8)*(-6 + -2). Suppose -12 - a = -2*j. What is the greatest common divisor of j and 135?
15
Let v = 2 - 1. Suppose -7 = -2*k - v. Calculate the highest common divisor of k and 1.
1
Let f(q) = -11*q + 10. Let k be f(-13). Calculate the greatest common factor of 17 and k.
17
Let k(d) = 13*d - 12. Let u be k(4). Calculate the highest common factor of u and 10.
10
Suppose -5*w = -5*m + 3 + 7, 4*m - 14 = 2*w. Suppose 3*f = 2*j + 4, w*f + 28 = -2*j - 0*f. Let o = -4 - j. Calculate the highest common factor of 10 and o.
2
Let c = -53 - -38. Let r = -6 - c. Suppose -5*y + p + 408 = 0, 420 = 4*y + y - 5*p. What is the greatest common factor of r and y?
9
Let m be 2/6 + (-3)/9. Suppose -q + 3*q - 180 = m. Let n = -24 - -34. Calculate the greatest common divisor of n and q.
10
Let z = -2 + 3. Let l = 63 - 37. Let j = -17 + l. Calculate the highest common factor of z and j.
1
Let i(d) = 6*d + 1. Let n be i(4). Let o = n - 13. What is the highest common divisor of o and 36?
12
Let a(t) = t + 20. Let w be a(8). Suppose 3*m - 11 = j, j + 0 = -m + 5. What is the highest common divisor of w and m?
4
Suppose -4*t + 2*t + 2 = 0, -x = -5*t - 7. What is the greatest common factor of x and 108?
12
Suppose -78 = -2*k - w, k - 196 = -4*k - 2*w. Suppose z = 5*z. Suppose z = -3*l - 21 + 69. Calculate the greatest common divisor of l and k.
8
Let q be (5 - 0) + -1 + 1. Suppose -4*j + 298 = q*c, -2*j = -c + 4*c - 148. Let p(w) = -w + 12. Let n be p(5). What is the greatest common factor of j and n?
7
Let n(s) = -2*s - 6. Let l be n(-5). Calculate the greatest common divisor of l and 2.
2
Suppose -2*r - 435 = -5*r. Let u = -4 + 33. What is the greatest common divisor of u and r?
29
Suppose -3*i + 3*w + 429 = 0, -3*i - 5*w + 457 = -w. What is the greatest common factor of 21 and i?
21
Suppose -5*h = -0*h - 85. What is the greatest common factor of h and 136?
17
Let r be ((-12)/7)/(3/(-21)). Suppose -432 = z - 5*z. Calculate the greatest common divisor of r and z.
12
Let h(p) = -2*p - 4 - 1 + 0*p. Let t be h(-4). Suppose -4*x = -13 - t. What is the greatest common divisor of x and 10?
2
Suppose a + 6 - 19 = 0. Calculate the highest common divisor of 65 and a.
13
Suppose 3*u = -2*u + 80. Calculate the greatest common factor of u and 4.
4
Let k(n) = -n + 4. Let v be k(-4). What is the greatest common factor of v and 8?
8
Suppose 3*r = 5*b, 2*b - 4*r = 4*b. Suppose b = 3*c - 149 - 16. Calculate the greatest common divisor of c and 5.
5
Let q(w) = 26*w - 4. Let g be q(5). Let v(u) = -u**3 + 6*u**2 - u - 2. Let l be v(5). What is the highest common divisor of g and l?
18
Suppose 2*i = 39 - 5. Calculate the highest common divisor of i and 136.
17
Let q = 3 + -3. Suppose -3*w - l + q*l = -5, 3*l + 3 = 0. Suppose w*k - 24 = k. Calculate the highest common factor of 12 and k.
12
Let g(t) = -3*t - 12. Let c be g(-10). What is the highest common divisor of c and 126?
18
Suppose -2*p = -0*p - 310. Let a = -83 + p. Let v be (-1 - 2) + (14 - 3). Calculate the highest common factor of v and a.
8
Let v(z) = -z**3 - 4*z**2 + 4*z + 4. Let t be v(-5). Let q(h) = 3*h**2 - 5*h - 1. Let m be q(4). What is the greatest common divisor of t and m?
9
Suppose 5*y - 70 - 60 = 0. Suppose 0*l + 2*l - y = 0. What is the highest common factor of 13 and l?
13
Suppose -2*f = -145 + 5. What is the highest common factor of 14 and f?
14
Suppose 5 + 0 = o. Suppose 260 = o*c - c. What is the greatest common divisor of c and 26?
13
Let r(q) = -6*q - 4. Let x be r(-2). Let t(p) = -2*p**3 - 4*p**2 + 2*p. Let f be t(-4). Calculate the greatest common divisor of x and f.
8
Let i be (-17)/(-3) - (-8)/(-12). Suppose 2*v + i*k - 10 = 0, -v + k = -21 + 2. What is the greatest common factor of v and 6?
3
Suppose q = -4*q + 40. Suppose 0 = -x + 5 + 7. What is the highest common factor of q and x?
4
Suppose 4*l = l + 24. Suppose 0 = -t + 4*t - 60. What is the highest common factor of t and l?
4
Suppose -2*a + 4*j + 58 = 0, j + 3*j - 104 = -4*a. Let c be (-1)/(-2*(-1)/(-6)). What is the highest common divisor of a and c?
3
Suppose 8*q = 3*q - 615. Let i = 211 + q. Let j(h) = -h**3 - 5*h**2 + 4*h - 1. Let r be j(-6). What is the highest common divisor of r and i?
11
Let h be (-11)/(6/21 + 25/(-63)). What is the greatest common divisor of h and 11?
11
Suppose 4*n = -u + 332, 2*u - 1 + 93 = n. What is the greatest common divisor of 42 and n?
42
Let r = -1 - -3. Let u be (